803 prime?
False
Is 621629 composite?
False
Is 7003 prime?
False
Is 18805 composite?
True
Is 19153 a prime number?
False
Is 421066 prime?
False
Is 1078937 a prime number?
True
Is 25087 a composite number?
False
Is 1002403 a composite number?
False
Is 76801 prime?
True
Is 913 composite?
True
Is 303679 a prime number?
True
Is 1439437 prime?
True
Is 541 prime?
True
Is 684157 a composite number?
False
Is 11371 a prime number?
False
Is 10765 a prime number?
False
Is 177279 composite?
True
Is 166679 composite?
False
Is 8641 a composite number?
False
Is 591673 prime?
True
Is 1133 composite?
True
Is 25621 a prime number?
True
Is 8341 composite?
True
Is 643201 prime?
False
Is 5773 a prime number?
False
Is 1937 a composite number?
True
Is 4151 a prime number?
False
Is 1213 a prime number?
True
Is 6761 a composite number?
False
Is 1312079 prime?
True
Is 789323 a prime number?
True
Is 3877 prime?
True
Is 3150887 composite?
False
Is 3607 a prime number?
True
Is 5513 prime?
False
Is 250403 a prime number?
True
Is 97861 composite?
False
Is 14923 a composite number?
False
Is 12643 a prime number?
False
Is 18323 composite?
True
Is 771143 a prime number?
True
Is 188117 prime?
False
Is 13373 prime?
False
Is 3457 composite?
False
Is 61543 a prime number?
True
Is 66293 prime?
True
Is 185363 a composite number?
False
Is 46463 prime?
False
Is 11279 a composite number?
False
Is 9979 composite?
True
Is 77219 prime?
False
Is 14969 composite?
False
Is 29147 a composite number?
False
Is 9818 prime?
False
Is 146131 a composite number?
True
Is 232961 prime?
True
Is 32947 a composite number?
True
Is 11923 a prime number?
True
Is 4791 a prime number?
False
Is 6323 prime?
True
Is 122773 a composite number?
True
Is 20759 composite?
False
Is 3013 a prime number?
False
Is 16603 a prime number?
True
Is 6769 a prime number?
False
Is 261589 a prime number?
False
Is 161123 prime?
True
Is 92611 prime?
False
Is 204559 a composite number?
True
Is 183871 a composite number?
False
Is 81157 a composite number?
False
Is 159913 composite?
True
Is 26759 composite?
False
Is 12581 composite?
True
Is 2521 a composite number?
False
Is 48329 a composite number?
True
Is 94687 prime?
True
Is 340103 a composite number?
False
Is 149 prime?
True
Is 1090477 a composite number?
True
Is 477217 prime?
False
Is 151037 a composite number?
True
Is 79997 a prime number?
True
Is 143755 a composite number?
True
Is 534433 prime?
False
Is 241651 composite?
False
Is 15787 prime?
True
Is 328037 prime?
True
Is 520435 a composite number?
True
Is 508909 prime?
True
Is 410927 prime?
False
Is 344039 a prime number?
True
Is 1343 composite?
True
Is 13841 prime?
True
Is 35413 a composite number?
True
Is 114983 a prime number?
False
Is 18181 prime?
True
Is 7483 prime?
False
Is 875698 a composite number?
True
Is 74491 composite?
True
Is 7121 a prime number?
True
Is 576001 a composite number?
False
Is 149743 a composite number?
True
Is 19297 a prime number?
False
Is 393513 a composite number?
True
Is 102013 a composite number?
False
Is 39209 prime?
True
Is 262453 a composite number?
True
Is 1821311 a composite number?
False
Is 1801 prime?
True
Is 101011 a prime number?
False
Is 563029 a prime number?
False
Is 9257 a composite number?
False
Is 4106 prime?
False
Is 690037 prime?
True
Is 62119 composite?
False
Is 503297 a prime number?
True
Is 74287 a composite number?
False
Is 103451 composite?
False
Is 5963 prime?
False
Is 32197 prime?
False
Is 45481 composite?
False
Is 390703 a composite number?
False
Is 4271 a composite number?
False
Is 69467 prime?
True
Is 1489003 prime?
True
Is 2591 composite?
False
Is 13165 a composite number?
True
Is 348761 prime?
False
Is 17426 a prime number?
False
Is 177467 prime?
True
Is 3491 a prime number?
True
Is 8407 composite?
True
Is 54811 prime?
False
Is 551017 prime?
True
Is 373834 composite?
True
Is 1009 a prime number?
True
Is 22915 composite?
True
Is 54865 a composite number?
True
Is 357271 composite?
False
Is 11311 a prime number?
True
Is 218441 composite?
True
Is 2609929 a prime number?
False
Is 3103 prime?
False
Is 883 a prime number?
True
Is 31853 a prime number?
False
Is 69317 composite?
False
Is 3891 a composite number?
True
Is 8927 a prime number?
False
Is 187931 composite?
False
Is 9587 prime?
True
Is 6769 prime?
False
Is 849437 prime?
False
Is 6787 a prime number?
False
Is 76579 prime?
True
Is 35521 a prime number?
True
Is 830333 prime?
False
Is 3453 a prime number?
False
Is 49897 prime?
False
Is 21283 a composite number?
False
Is 123811 prime?
False
Is 21767 a composite number?
False
Is 5389 prime?
False
Is 265703 a prime number?
True
Is 330557 composite?
False
Is 105605 a composite number?
True
Is 16773 a composite number?
True
Is 2023081 prime?
True
Is 389269 composite?
False
Is 387407 a composite number?
True
Is 385773 a prime number?
False
Is 555563 composite?
True
Is 1451 prime?
True
Is 5261 a prime number?
True
Is 7507 a prime number?
True
Is 705661 a prime number?
False
Is 1567 a prime number?
True
Is 419 a prime number?
True
Is 217619 prime?
True
Is 821011 prime?
False
Is 1774 a prime number?
False
Is 4177 prime?
True
Is 1361 a prime number?
True
Is 2945117 composite?
True
Is 60871 composite?
True
Is 41491 a composite number?
False
Is 16919 composite?
True
Is 77521 a composite number?
False
Is 4307083 a prime number?
False
Is 786679 a prime number?
False
Is 691071 composite?
True
Is 169619 a prime number?
False
Is 203201 composite?
True
Is 1927 composite?
True
Is 26947 a prime number?
True
Is 13121 a composite number?
False
Is 10671 a prime number?
False
Is 31973 a prime number?
True
Is 33961 prime?
True
Is 71683 a composite number?
True
Is 59781 a composite number?
True
Is 20173 composite?
False
Is 18482 a composite number?
True
Is 19661 a composite number?
False
Is 4621 prime?
True
Is 265279 composite?
True
Is 89051 a prime number?
True
Is 146593 a prime number?
False
Is 4703 composite?
False
Is 99357 a composite number?
True
Is 39917 a prime number?
False
Is 485 a composite number?
True
Is 108109 composite?
False
Is 9521 prime?
True
Is 115567 composite?
True
Is 10979 prime?
True
Is 6085 a composite number?
True
Is 24341 composite?
True
Is 1278967 a prime number?
False
Is 247771 a prime number?
True
Is 3190295 composite?
True
Is 840611 prime?
True
Is 11969 a prime number?
True
Is 5363 a composite number?
True
Is 12131 a prime number?
False
Is 22141 prime?
False
Is 13307 composite?
True
Is 577421 a composite number?
True
Is 12313 a composite number?
True
Is 14309 composite?
True
Is 2819867 a prime number?
True
Is 12227 prime?
True
Is 11657 a prime number?
True
Is 5021 a composite number?
False
Is 6185701 prime?
True
Is 48703 a prime number?
False
Is 63029 a prime number?
True
Is 24143 a composite number?
True
Is 26327 a prime number?
False
Is 38689 a composite number?
True
Is 1292831 a composite number?
False
Is 23773 prime?
True
Is 15107 composite?
False
Is 48731 a prime number?
True
Is 1024237 composite?
True
Is 33391 a prime number?
True
Is 114983 prime?
False
Is 1825537 prime?
False
Is 12853 prime?
True
Is 7327 composite?
True
Is 20593 a prime number?
True
Is 59771 composite?
False
Is 534799 prime?
True
Is 32491 composite?
False
Is 12953 composite?
False
Is 432347 a composite number?
True
Is 1418 prime?
False
Is 30293 composite?
False
Is 1651981 composite?
False
Is 2321 a prime number?
False
Is 102983 composite?
False
Is 56774 composite?
True
Is 1368791 prime?
True
Is 34421 composite?
False
Is 469439 composite?
False
Is 177053 a prime number?
False
Is 11311 a composite number?
False
Is 724093 composite?
False
Is 9173 composite?
False
Is 206977 a composite number?
True
Is 31637 a composite number?
True
Is 15787 composite?
False
Is 48053 composite?
True
Is 82939 a prime number?
True
Is 66221 a composite number?
False
Is 8637 a prime number?
False
Is 117163 prime?
True
Is 183 prime?
False
Is 766237 composite?
False
Is 6121 a composite number?
False
Is 21205 a composite number?
True
Is 36339 prime?
False
Is 1339259 composite?
False
Is 569641 a prime number?
False
Is 4201 composite?
False
Is 52571 a prime number?
True
Is 49597 composite?
False
Is 57467 prime?
True
Is 177739 a prime number?
True
Is 946361 a composite number?
True
Is 22955 composite?
True
Is 78113 a pr